factor of t and x.
1
Let d be 126/10 - 4/(-10). Let b(p) = -8*p. Let t be b(0). Suppose t = 2*m + 14 - 144. Calculate the greatest common divisor of d and m.
13
Let o(j) = 2*j**3 + 19*j**2 - 1. Let u be o(-9). What is the greatest common divisor of 30 and u?
10
Let f be (-48)/9*162/(-12). What is the highest common factor of 48 and f?
24
Let h(k) = k**2 + 11*k + 4. Let o be h(-12). Suppose 0*u - u - 2 = 0, -n = 4*u - 56. What is the greatest common factor of n and o?
16
Let f be -5 + 2 + (-30)/6. Let h(u) = -u**2 - 10*u + 5. Let k be h(f). Calculate the greatest common divisor of k and 231.
21
Suppose 3*m = 3*y + 342, 4*m - 497 = -3*y - 69. Let z = m - 89. Let n = 1 + 6. What is the highest common divisor of z and n?
7
Suppose 0 = -z + b + 12, 5*z = -0*z - 3*b + 20. Suppose s = 5*u + 26, -s = -2*u - 12 + 4. Let f = z - u. What is the highest common factor of f and 65?
13
Let y be (-30)/35 - ((-291)/21 - 2). Suppose -4*w - 488 - 508 = -x, -5*x - 520 = 2*w. Let z = -115 - w. Calculate the highest common divisor of y and z.
15
Suppose 168 = 3*f - 525. Suppose -y - 43 = -l, -5*l - 46 + f = 5*y. Let d = -14 + 22. Calculate the highest common factor of l and d.
8
Suppose -2 = -2*x, -4*x = -i - x + 43. Calculate the greatest common divisor of 598 and i.
46
Let w be 35/(-5)*(-4)/14. Suppose 86 = 4*f + 3*m, -f - 2*m = w*f - 64. Calculate the highest common divisor of 180 and f.
20
Let q = -36 - -52. Let c = 19 - -5. Calculate the greatest common factor of q and c.
8
Suppose 55*a - 38*a = 9605. Calculate the greatest common factor of a and 339.
113
Suppose -39 = -5*d + q - 2*q, d + q - 7 = 0. Let w be -1*2/(-6) - (-156)/234. Calculate the greatest common factor of w and d.
1
Suppose -f + 120 - 20 = 0. Let r be (-2)/13 + 981*(-14)/(-546). What is the highest common divisor of r and f?
25
Suppose -2*d - 18 = -54. Let x be 116/(-36) + 3 - (-76)/d. What is the highest common factor of x and 32?
4
Let u = 829 - 612. Calculate the highest common divisor of u and 7.
7
Suppose -5333*o = -5335*o + 480. What is the highest common divisor of o and 75?
15
Suppose 13 = g - 12. Let m = 38 - g. Let s = 239 - 122. What is the highest common factor of s and m?
13
Let r = -893 - -1197. What is the highest common factor of r and 190?
38
Suppose 35*l = 9*l + 23452. What is the highest common factor of l and 88?
22
Suppose 0 = -5*v - y + 9 + 2, 5*v = 5*y + 5. What is the greatest common factor of 2 and v?
2
Let m be 4/(-14) + 2926/(-49). Let q be (-114)/(-4) - m/(-40). What is the greatest common factor of q and 9?
9
Suppose 2*c = 4*c - 8. Suppose 12 = -2*d - 4*b, 9 + 1 = -5*d - 5*b. Let z(w) = 2*w**2 - w - 2. Let q be z(d). What is the greatest common divisor of c and q?
4
Let t(u) = -2*u**3 - 8*u**2 - 2*u + 9. Let h be t(-5). Calculate the highest common factor of h and 1725.
69
Let m(y) = y**2 + 3 + 0*y + 2*y + y - 4. Let z be m(-4). Suppose 2*b - 122 = a, 0 = z*b - 0*a - 4*a - 173. What is the highest common factor of 9 and b?
9
Let i(d) = -69*d**3 + d**2 + 2*d + 2. Let v be i(-1). Calculate the greatest common divisor of v and 42.
14
Let k = 35 - 35. Suppose 0 = -3*h + 5*q + 82 + 6, -2*q - 4 = k. What is the greatest common factor of 52 and h?
26
Let d(z) = 2*z**2 - 27*z + 1. Let l be d(14). Calculate the highest common factor of 95 and l.
5
Let q = 100 - -206. What is the highest common factor of q and 34?
34
Suppose -b + 5*b = 16. Suppose 4*m + 2*d = 5*d + 132, m - 33 = b*d. Calculate the highest common divisor of 22 and m.
11
Suppose 0*p = 4*t - p - 3, 14 = 2*t + 2*p. Suppose -3*n = 3*j - 18, t*n = -4*j - 3*n + 20. What is the greatest common factor of j and 2?
2
Let r be 20255/45 - 2/18. Suppose -9*o + r = -4*o. What is the greatest common factor of 18 and o?
18
Suppose -4*n - 5*q + 332 = 0, -5*n - 2*q + 55 = -377. Let w be (22/(-10))/(9/(-45)). What is the greatest common divisor of w and n?
11
Let z = -42 + 39. Let h be 1/z + (-546)/(-18). Calculate the greatest common factor of 6 and h.
6
Let v(i) = -i**3 - 4*i**2 - 7*i - 192. Let o be v(-12). What is the greatest common divisor of o and 108?
36
Let o = -252 - -279. Calculate the highest common divisor of 432 and o.
27
Suppose 0 = -33*o - 115 + 577. Let s be (15 + 1/(-1))/2. What is the highest common divisor of o and s?
7
Let v = 354 - 141. Calculate the highest common factor of v and 284.
71
Let l(c) = -c**2 - 8*c + 28. Let o be l(-6). Calculate the greatest common divisor of o and 160.
40
Let s(u) = -2*u**2 + 27*u - 12. Let i be s(12). What is the greatest common divisor of i and 156?
12
Suppose 4*o - 87 = 5*v, -v + 71 = 2*o + 2*v. Calculate the highest common factor of 112 and o.
28
Let p(g) = g**2 - 4*g - 17. Let v be p(7). Suppose v*d - 6*d = -198. Let m = 5 - -6. What is the greatest common divisor of m and d?
11
Let l be ((-3)/(-9)*0)/(-1). Let y be (-30 - l)/((-11)/11). Suppose -6*f + y = -4*f. What is the greatest common divisor of 3 and f?
3
Let y be 3*((-8)/6)/2. Let a be -65 - y*(6 + -4). Let w = 85 + a. Calculate the greatest common factor of w and 8.
8
Suppose c - 30 = -7. Suppose -4*s = -2*s - 4*q - 2, -3*s = q + 32. Let t = c + s. Calculate the greatest common factor of 42 and t.
14
Suppose -5*t = -0*t. Suppose 3*m = 3 - t. Suppose 0 = 5*b - o - 1, 4*b + 16 = -0*o + 5*o. Calculate the highest common divisor of m and b.
1
Let x(c) = 60*c + 4. Let v(s) = -s**3 - 10*s**2 + 10*s - 10. Let y be v(-11). Let b be x(y). Calculate the greatest common factor of b and 8.
8
Suppose -v + 360 = 4*v. Let b(a) = -21*a**3 - a + 1. Let x be b(1). Let z = x + 29. Calculate the highest common divisor of v and z.
8
Let w = -69 + 129. Calculate the highest common factor of w and 24.
12
Let i = -18 + 17. Let j be (-546)/(-13) + (-3)/i. Calculate the greatest common factor of j and 10.
5
Suppose a = -5*m + 3*m - 83, m + a + 39 = 0. Let j be (4/18*3)/(m/(-2178)). What is the greatest common factor of j and 22?
11
Let m = 3 + -1. Let b(a) = 2*a**3 + 2*a**2 - a. Let t be b(1). Calculate the highest common divisor of m and t.
1
Let f(u) = -u**3 + 11*u**2 + 11*u + 12. Let s be f(12). Let m(l) = 2*l**3 - l**2 + 8. Let p be m(s). Calculate the highest common divisor of 8 and p.
8
Suppose -23*u + 8*u + 15 = 0. Let a(k) = -2*k - 9. Let m be a(-6). Let t = 8 + m. Calculate the greatest common divisor of u and t.
1
Suppose -z = -3*k + 3 + 10, -4*z - 4 = 0. Let g(d) = 10*d - 3. Let c be g(3). Let q be c/6*k/3. What is the greatest common factor of 9 and q?
3
Suppose 0 = -4*y - 61 - 31. Let l = y + 23. Suppose 60 = -l*a + 6*a. What is the highest common factor of 90 and a?
10
Let l = -9 + 11. Let n be (-8)/(-6) - l/(-3). What is the greatest common divisor of 2 and n?
2
Let l(x) = 12*x**3 - x**2 - 3*x. Let p be l(2). Let c = 102 - p. What is the highest common factor of 56 and c?
8
Let d be ((-4)/(-8))/((3/(-72))/(-1)). Suppose 17*o - d = 13*o. Calculate the greatest common divisor of 27 and o.
3
Suppose -2*k + 0*k + 4 = 0, -5*t + 286 = 3*k. What is the highest common factor of 7 and t?
7
Suppose -4*w = 4*f - 296, -3*w + 2*f + 3 = -239. What is the greatest common factor of w and 286?
26
Let m(v) = v**2 + 2*v - 8. Let c be m(5). Let f(n) = -65*n + 393. Let l be f(6). What is the greatest common divisor of l and c?
3
Let n = 141 - 123. What is the greatest common divisor of n and 90?
18
Let x be 3 - 8/(64/(-664)). What is the greatest common divisor of 129 and x?
43
Suppose -16*i + 1734 = -3722. Suppose -v + 0*v + 5*p = -16, -5*p = 2*v - 77. What is the highest common divisor of i and v?
31
Suppose m + 0 = 1. Let d be -1 - (-1 + m + -1). Let v(s) = -s**3 + s**2 - s + 4. Let b be v(d). What is the greatest common divisor of b and 4?
4
Let k be (-8)/(-6)*(-651)/(-2). Let g = -240 + -51. Let l = k + g. What is the highest common factor of l and 13?
13
Suppose 2 = -a + 9. Suppose 12 = 4*z + 4*r, -2*z - 5*r + 5 = -a. Calculate the greatest common divisor of z and 10.
1
Suppose -3*s - 544 = 86. Let l = 205 + -331. Let t = l - s. Calculate the greatest common factor of 12 and t.
12
Suppose -4*h + 3360 = 12*h. What is the highest common divisor of h and 42?
42
Suppose 17*o + 4*o = 2520. What is the highest common divisor of 40 and o?
40
Let t be (-1*2)/((-4)/(-10)). Let h be 1*30*(-2)/t. Let i(y) = 20*y + 172. Let q be i(-8). Calculate